{"id":41,"date":"2016-09-19T09:50:33","date_gmt":"2016-09-19T07:50:33","guid":{"rendered":"https:\/\/wp.vishap.at\/wadotejutsu\/?page_id=41"},"modified":"2016-09-26T14:18:06","modified_gmt":"2016-09-26T12:18:06","slug":"berichte","status":"publish","type":"page","link":"http:\/\/wp.vishap.at\/wadotejutsu\/aktuelles\/berichte\/","title":{"rendered":"Berichte"},"content":{"rendered":"<div class=\"twoclick_social_bookmarks_post_41 social_share_privacy clearfix 1.6.4 locale-de_DE sprite-de_DE\"><\/div><div class=\"twoclick-js\"><script type=\"text\/javascript\">\/* <![CDATA[ *\/\njQuery(document).ready(function($){if($('.twoclick_social_bookmarks_post_41')){$('.twoclick_social_bookmarks_post_41').socialSharePrivacy({\"txt_help\":\"Wenn Sie diese Felder durch einen Klick aktivieren, werden Informationen an Facebook, Twitter, Flattr, Xing, t3n, LinkedIn, Pinterest oder Google eventuell ins Ausland \\u00fcbertragen und unter Umst\\u00e4nden auch dort gespeichert. N\\u00e4heres erfahren Sie durch einen Klick auf das <em>i<\\\/em>.\",\"settings_perma\":\"Dauerhaft aktivieren und Daten\\u00fcber-tragung zustimmen:\",\"info_link\":\"http:\\\/\\\/www.heise.de\\\/ct\\\/artikel\\\/2-Klicks-fuer-mehr-Datenschutz-1333879.html\",\"uri\":\"http:\\\/\\\/wp.vishap.at\\\/wadotejutsu\\\/aktuelles\\\/berichte\\\/\",\"post_id\":41,\"post_title_referrer_track\":\"Berichte\",\"display_infobox\":\"on\"});}});\n\/* ]]> *\/<\/script><\/div><p>Am 24. und 25. September fanden im deutschen Gelsenkirchen die U18 EM und die German Open statt. Die Veltins\u00a0Arena auf Schalke bildete eine traumhafte Kulisse f\u00fcr diese Wettk\u00e4mpfe. Leider war unser Vereinsvertreter &#8222;Humpelfu\u00df&#8220; Matthias Weisz verletzt, doch durfte er mitreisen und so vom Mattenrand unser \u00f6sterreichisches Jiu Jitsu Team unterst\u00fctzen. Und es gab einigen Grund zur Freude. Schon am Samstag bei der U18 EM konnten unsere Jiu Jitsukas einige Medaillen erk\u00e4mpfen. Am Sonntag setzte sich das Sammeln von Edelmetall fort. Vor allem unser befreundeter Jiu Verein Tsunami Alterlaa konnte sich \u00fcber einige Medaillen in den Kategorien Fighting und Duo freuen. Eine besonders tolle Leistung stellt dabei die silberne U18 EM Medaille im Duo dar. Wir freuen uns \u00fcber die super Ergebnisse und w\u00fcnschen allen Sportlern auch weiterhin viel Erfolg.<img loading=\"lazy\" decoding=\"async\" class=\"alignnone size-medium wp-image-86\" src=\"https:\/\/wp.vishap.at\/wadotejutsu\/wp-content\/uploads\/sites\/4\/2016\/09\/DSCN6062klein-800x580-300x218.jpg\" alt=\"Tsunami Alterlaa\" width=\"300\" height=\"218\" srcset=\"https:\/\/wp.vishap.at\/wadotejutsu\/wp-content\/uploads\/sites\/4\/2016\/09\/DSCN6062klein-800x580-300x218.jpg 300w, https:\/\/wp.vishap.at\/wadotejutsu\/wp-content\/uploads\/sites\/4\/2016\/09\/DSCN6062klein-800x580-768x557.jpg 768w, https:\/\/wp.vishap.at\/wadotejutsu\/wp-content\/uploads\/sites\/4\/2016\/09\/DSCN6062klein-800x580.jpg 800w\" sizes=\"auto, (max-width: 300px) 100vw, 300px\" \/><\/p>\n<p>.<\/p>\n","protected":false},"excerpt":{"rendered":"<p>Am 24. und 25. September fanden im deutschen Gelsenkirchen die U18 EM und die German Open statt. Die Veltins\u00a0Arena auf Schalke bildete eine traumhafte Kulisse f\u00fcr diese Wettk\u00e4mpfe. Leider war unser Vereinsvertreter &#8222;Humpelfu\u00df&#8220; Matthias Weisz verletzt, doch durfte er mitreisen &hellip; <a href=\"http:\/\/wp.vishap.at\/wadotejutsu\/aktuelles\/berichte\/\">Weiterlesen <span class=\"meta-nav\">&rarr;<\/span><\/a><\/p>\n","protected":false},"author":12,"featured_media":0,"parent":22,"menu_order":0,"comment_status":"closed","ping_status":"closed","template":"","meta":{"footnotes":""},"class_list":["post-41","page","type-page","status-publish","hentry"],"yoast_head":"<!-- This site is optimized with the Yoast SEO plugin v27.3 - https:\/\/yoast.com\/product\/yoast-seo-wordpress\/ -->\n<title>Berichte - wado te jutsu<\/title>\n<meta name=\"robots\" content=\"index, follow, max-snippet:-1, max-image-preview:large, max-video-preview:-1\" \/>\n<link rel=\"canonical\" href=\"http:\/\/wp.vishap.at\/wadotejutsu\/aktuelles\/berichte\/\" \/>\n<meta property=\"og:locale\" content=\"de_DE\" \/>\n<meta property=\"og:type\" content=\"article\" \/>\n<meta property=\"og:title\" content=\"Berichte - wado te jutsu\" \/>\n<meta property=\"og:description\" content=\"Am 24. und 25. September fanden im deutschen Gelsenkirchen die U18 EM und die German Open statt. Die Veltins\u00a0Arena auf Schalke bildete eine traumhafte Kulisse f\u00fcr diese Wettk\u00e4mpfe. Leider war unser Vereinsvertreter &#8222;Humpelfu\u00df&#8220; Matthias Weisz verletzt, doch durfte er mitreisen &hellip; Weiterlesen &rarr;\" \/>\n<meta property=\"og:url\" content=\"http:\/\/wp.vishap.at\/wadotejutsu\/aktuelles\/berichte\/\" \/>\n<meta property=\"og:site_name\" content=\"wado te jutsu\" \/>\n<meta property=\"article:modified_time\" content=\"2016-09-26T12:18:06+00:00\" \/>\n<meta property=\"og:image\" content=\"https:\/\/wp.vishap.at\/wadotejutsu\/wp-content\/uploads\/sites\/4\/2016\/09\/DSCN6062klein-800x580-300x218.jpg\" \/>\n<meta name=\"twitter:card\" content=\"summary_large_image\" \/>\n<meta name=\"twitter:label1\" content=\"Gesch\u00e4tzte Lesezeit\" \/>\n\t<meta name=\"twitter:data1\" content=\"1\u00a0Minute\" \/>\n<script type=\"application\/ld+json\" class=\"yoast-schema-graph\">{\"@context\":\"https:\\\/\\\/schema.org\",\"@graph\":[{\"@type\":\"WebPage\",\"@id\":\"http:\\\/\\\/wp.vishap.at\\\/wadotejutsu\\\/aktuelles\\\/berichte\\\/\",\"url\":\"http:\\\/\\\/wp.vishap.at\\\/wadotejutsu\\\/aktuelles\\\/berichte\\\/\",\"name\":\"Berichte - wado te jutsu\",\"isPartOf\":{\"@id\":\"https:\\\/\\\/wp.vishap.at\\\/wadotejutsu\\\/#website\"},\"primaryImageOfPage\":{\"@id\":\"http:\\\/\\\/wp.vishap.at\\\/wadotejutsu\\\/aktuelles\\\/berichte\\\/#primaryimage\"},\"image\":{\"@id\":\"http:\\\/\\\/wp.vishap.at\\\/wadotejutsu\\\/aktuelles\\\/berichte\\\/#primaryimage\"},\"thumbnailUrl\":\"https:\\\/\\\/wp.vishap.at\\\/wadotejutsu\\\/wp-content\\\/uploads\\\/sites\\\/4\\\/2016\\\/09\\\/DSCN6062klein-800x580-300x218.jpg\",\"datePublished\":\"2016-09-19T07:50:33+00:00\",\"dateModified\":\"2016-09-26T12:18:06+00:00\",\"breadcrumb\":{\"@id\":\"http:\\\/\\\/wp.vishap.at\\\/wadotejutsu\\\/aktuelles\\\/berichte\\\/#breadcrumb\"},\"inLanguage\":\"de\",\"potentialAction\":[{\"@type\":\"ReadAction\",\"target\":[\"http:\\\/\\\/wp.vishap.at\\\/wadotejutsu\\\/aktuelles\\\/berichte\\\/\"]}]},{\"@type\":\"ImageObject\",\"inLanguage\":\"de\",\"@id\":\"http:\\\/\\\/wp.vishap.at\\\/wadotejutsu\\\/aktuelles\\\/berichte\\\/#primaryimage\",\"url\":\"https:\\\/\\\/wp.vishap.at\\\/wadotejutsu\\\/wp-content\\\/uploads\\\/sites\\\/4\\\/2016\\\/09\\\/DSCN6062klein-800x580-300x218.jpg\",\"contentUrl\":\"https:\\\/\\\/wp.vishap.at\\\/wadotejutsu\\\/wp-content\\\/uploads\\\/sites\\\/4\\\/2016\\\/09\\\/DSCN6062klein-800x580-300x218.jpg\"},{\"@type\":\"BreadcrumbList\",\"@id\":\"http:\\\/\\\/wp.vishap.at\\\/wadotejutsu\\\/aktuelles\\\/berichte\\\/#breadcrumb\",\"itemListElement\":[{\"@type\":\"ListItem\",\"position\":1,\"name\":\"Startseite\",\"item\":\"http:\\\/\\\/wp.vishap.at\\\/wadotejutsu\\\/\"},{\"@type\":\"ListItem\",\"position\":2,\"name\":\"Aktuelles\",\"item\":\"http:\\\/\\\/wp.vishap.at\\\/wadotejutsu\\\/aktuelles\\\/\"},{\"@type\":\"ListItem\",\"position\":3,\"name\":\"Berichte\"}]},{\"@type\":\"WebSite\",\"@id\":\"https:\\\/\\\/wp.vishap.at\\\/wadotejutsu\\\/#website\",\"url\":\"https:\\\/\\\/wp.vishap.at\\\/wadotejutsu\\\/\",\"name\":\"wado te jutsu\",\"description\":\"Eine weitere wp Website\",\"potentialAction\":[{\"@type\":\"SearchAction\",\"target\":{\"@type\":\"EntryPoint\",\"urlTemplate\":\"https:\\\/\\\/wp.vishap.at\\\/wadotejutsu\\\/?s={search_term_string}\"},\"query-input\":{\"@type\":\"PropertyValueSpecification\",\"valueRequired\":true,\"valueName\":\"search_term_string\"}}],\"inLanguage\":\"de\"}]}<\/script>\n<!-- \/ Yoast SEO plugin. -->","yoast_head_json":{"title":"Berichte - wado te jutsu","robots":{"index":"index","follow":"follow","max-snippet":"max-snippet:-1","max-image-preview":"max-image-preview:large","max-video-preview":"max-video-preview:-1"},"canonical":"http:\/\/wp.vishap.at\/wadotejutsu\/aktuelles\/berichte\/","og_locale":"de_DE","og_type":"article","og_title":"Berichte - wado te jutsu","og_description":"Am 24. und 25. September fanden im deutschen Gelsenkirchen die U18 EM und die German Open statt. Die Veltins\u00a0Arena auf Schalke bildete eine traumhafte Kulisse f\u00fcr diese Wettk\u00e4mpfe. Leider war unser Vereinsvertreter &#8222;Humpelfu\u00df&#8220; Matthias Weisz verletzt, doch durfte er mitreisen &hellip; Weiterlesen &rarr;","og_url":"http:\/\/wp.vishap.at\/wadotejutsu\/aktuelles\/berichte\/","og_site_name":"wado te jutsu","article_modified_time":"2016-09-26T12:18:06+00:00","og_image":[{"url":"https:\/\/wp.vishap.at\/wadotejutsu\/wp-content\/uploads\/sites\/4\/2016\/09\/DSCN6062klein-800x580-300x218.jpg","type":"","width":"","height":""}],"twitter_card":"summary_large_image","twitter_misc":{"Gesch\u00e4tzte Lesezeit":"1\u00a0Minute"},"schema":{"@context":"https:\/\/schema.org","@graph":[{"@type":"WebPage","@id":"http:\/\/wp.vishap.at\/wadotejutsu\/aktuelles\/berichte\/","url":"http:\/\/wp.vishap.at\/wadotejutsu\/aktuelles\/berichte\/","name":"Berichte - wado te jutsu","isPartOf":{"@id":"https:\/\/wp.vishap.at\/wadotejutsu\/#website"},"primaryImageOfPage":{"@id":"http:\/\/wp.vishap.at\/wadotejutsu\/aktuelles\/berichte\/#primaryimage"},"image":{"@id":"http:\/\/wp.vishap.at\/wadotejutsu\/aktuelles\/berichte\/#primaryimage"},"thumbnailUrl":"https:\/\/wp.vishap.at\/wadotejutsu\/wp-content\/uploads\/sites\/4\/2016\/09\/DSCN6062klein-800x580-300x218.jpg","datePublished":"2016-09-19T07:50:33+00:00","dateModified":"2016-09-26T12:18:06+00:00","breadcrumb":{"@id":"http:\/\/wp.vishap.at\/wadotejutsu\/aktuelles\/berichte\/#breadcrumb"},"inLanguage":"de","potentialAction":[{"@type":"ReadAction","target":["http:\/\/wp.vishap.at\/wadotejutsu\/aktuelles\/berichte\/"]}]},{"@type":"ImageObject","inLanguage":"de","@id":"http:\/\/wp.vishap.at\/wadotejutsu\/aktuelles\/berichte\/#primaryimage","url":"https:\/\/wp.vishap.at\/wadotejutsu\/wp-content\/uploads\/sites\/4\/2016\/09\/DSCN6062klein-800x580-300x218.jpg","contentUrl":"https:\/\/wp.vishap.at\/wadotejutsu\/wp-content\/uploads\/sites\/4\/2016\/09\/DSCN6062klein-800x580-300x218.jpg"},{"@type":"BreadcrumbList","@id":"http:\/\/wp.vishap.at\/wadotejutsu\/aktuelles\/berichte\/#breadcrumb","itemListElement":[{"@type":"ListItem","position":1,"name":"Startseite","item":"http:\/\/wp.vishap.at\/wadotejutsu\/"},{"@type":"ListItem","position":2,"name":"Aktuelles","item":"http:\/\/wp.vishap.at\/wadotejutsu\/aktuelles\/"},{"@type":"ListItem","position":3,"name":"Berichte"}]},{"@type":"WebSite","@id":"https:\/\/wp.vishap.at\/wadotejutsu\/#website","url":"https:\/\/wp.vishap.at\/wadotejutsu\/","name":"wado te jutsu","description":"Eine weitere wp Website","potentialAction":[{"@type":"SearchAction","target":{"@type":"EntryPoint","urlTemplate":"https:\/\/wp.vishap.at\/wadotejutsu\/?s={search_term_string}"},"query-input":{"@type":"PropertyValueSpecification","valueRequired":true,"valueName":"search_term_string"}}],"inLanguage":"de"}]}},"_links":{"self":[{"href":"https:\/\/wp.vishap.at\/wadotejutsu\/wp-json\/wp\/v2\/pages\/41","targetHints":{"allow":["GET"]}}],"collection":[{"href":"https:\/\/wp.vishap.at\/wadotejutsu\/wp-json\/wp\/v2\/pages"}],"about":[{"href":"https:\/\/wp.vishap.at\/wadotejutsu\/wp-json\/wp\/v2\/types\/page"}],"author":[{"embeddable":true,"href":"https:\/\/wp.vishap.at\/wadotejutsu\/wp-json\/wp\/v2\/users\/12"}],"replies":[{"embeddable":true,"href":"https:\/\/wp.vishap.at\/wadotejutsu\/wp-json\/wp\/v2\/comments?post=41"}],"version-history":[{"count":2,"href":"https:\/\/wp.vishap.at\/wadotejutsu\/wp-json\/wp\/v2\/pages\/41\/revisions"}],"predecessor-version":[{"id":88,"href":"https:\/\/wp.vishap.at\/wadotejutsu\/wp-json\/wp\/v2\/pages\/41\/revisions\/88"}],"up":[{"embeddable":true,"href":"https:\/\/wp.vishap.at\/wadotejutsu\/wp-json\/wp\/v2\/pages\/22"}],"wp:attachment":[{"href":"https:\/\/wp.vishap.at\/wadotejutsu\/wp-json\/wp\/v2\/media?parent=41"}],"curies":[{"name":"wp","href":"https:\/\/api.w.org\/{rel}","templated":true}]}}